{"id":296,"date":"2018-04-03T09:28:14","date_gmt":"2018-04-03T07:28:14","guid":{"rendered":"http:\/\/corretto.elated-themes.com\/?page_id=296"},"modified":"2021-02-23T19:40:05","modified_gmt":"2021-02-23T19:40:05","slug":"as_delicias","status":"publish","type":"page","link":"https:\/\/tropicalespresso.com\/tropicalespresso\/as_delicias\/","title":{"rendered":""},"content":{"rendered":"<p>[vc_row][vc_column]<div class=\"eltdf-section-title-holder  \" style=\"text-align: center\">\n\t<div class=\"eltdf-st-inner\">\n\t\t\t\t\t<h3 class=\"eltdf-st-title\" >\n\t\t\t\tCaf\u00e9, brunch ou um gelado? N\u00f3s ajudamos\t\t\t<\/h3>\n\t\t\t\t\t<\/div>\n<\/div>[vc_empty_space height=&#8221;40px&#8221;][vc_column_text]<\/p>\n<p style=\"text-align: justify;\">Escolhemos o antigo e emblem\u00e1tico <strong>Cafezeiro<\/strong> para a realiza\u00e7\u00e3o de um projeto h\u00e1 muito desejado. Uma loja dedicada ao <strong>Caf\u00e9<\/strong>, a nossa paix\u00e3o!<\/p>\n<div>\n<p>\u00c9 com a maior dedica\u00e7\u00e3o que processamos <strong>caf\u00e9s<\/strong> de alt\u00edssima qualidade, os quais poder\u00e3o ser apreciados no conforto da nossa loja ou no aconchego do seu lar.<\/p>\n<div style=\"text-align: justify;\">Para quem gosta de manter a tradi\u00e7\u00e3o, preparamos receitas antigas e originais do melhor\u00a0caf\u00e9\u00a0de mistura, n\u00e3o esquecendo as cevadas. Tudo mo\u00eddo na hora! A par\u00a0do caf\u00e9, poder\u00e1 levar para casa uma grande variedade de produtos de qualidade superior, tais como Ch\u00e1s &amp; Infus\u00f5es, Biscoitos de Valongo, Bombons, Chocolates outros doces tradicionais, Vinhos, Espumantes, Queijos\u00a0 e at\u00e9 Especiarias.<\/div>\n<div style=\"text-align: justify;\">Com a maior comunidade, poder\u00e1 fazer sorrir a pessoa que mais estima.\u00a0Uma pequena lembran\u00e7a ou mesmo um cabaz que poder\u00e1 criar com os variados\u00a0 produtos\u00a0\u00a0existentes na\u00a0loja.<\/div>\n<div style=\"text-align: justify;\">No interior da Loja existe uma Cafetaria \/ Gelataria onde pode disfrutar de toda a nossa gama de<strong> Caf\u00e9s, Ch\u00e1s &amp; Infus\u00f5es, as nossas Cookies, Scones e muitas outras iguarias tais como Gelados, Crepes e Waffles, Panquecas e os nossos Brunch, tudo\u00a0<\/strong>fabricado com as nossas pr\u00f3prias\u00a0receitas. Com vista para um torrador onde torramos os nossos caf\u00e9s especiais, aqui vai sentir-se confort\u00e1vel. Existe tamb\u00e9m uma pequena e acolhedora esplanada.<\/div>\n<\/div>\n<p>[\/vc_column_text][vc_empty_space height=&#8221;40px&#8221;][vc_masonry_media_grid item=&#8221;masonryMedia_ScaleWithRotationLight&#8221; grid_id=&#8221;vc_gid:1614109135043-b5a1e811-1f12-7&#8243; include=&#8221;3581,3707,3583,3582,3590,3584,3593,3589,3591,3587,3588,3595,3596,3592,3586,3594&#8243;][\/vc_column][\/vc_row]<\/p>\n","protected":false},"excerpt":{"rendered":"<p>[vc_row][vc_column][vc_empty_space height=&#8221;40px&#8221;][vc_column_text] Escolhemos o antigo e emblem\u00e1tico Cafezeiro para a realiza\u00e7\u00e3o de um projeto h\u00e1 muito desejado. Uma loja dedicada ao Caf\u00e9, a nossa paix\u00e3o! \u00c9 com a maior dedica\u00e7\u00e3o que processamos caf\u00e9s de alt\u00edssima qualidade, os quais poder\u00e3o ser [&hellip;]<\/p>\n","protected":false},"author":1,"featured_media":0,"parent":0,"menu_order":0,"comment_status":"closed","ping_status":"closed","template":"","meta":{"footnotes":""},"class_list":["post-296","page","type-page","status-publish","hentry"],"jetpack_sharing_enabled":true,"_links":{"self":[{"href":"https:\/\/tropicalespresso.com\/tropicalespresso\/wp-json\/wp\/v2\/pages\/296","targetHints":{"allow":["GET"]}}],"collection":[{"href":"https:\/\/tropicalespresso.com\/tropicalespresso\/wp-json\/wp\/v2\/pages"}],"about":[{"href":"https:\/\/tropicalespresso.com\/tropicalespresso\/wp-json\/wp\/v2\/types\/page"}],"author":[{"embeddable":true,"href":"https:\/\/tropicalespresso.com\/tropicalespresso\/wp-json\/wp\/v2\/users\/1"}],"replies":[{"embeddable":true,"href":"https:\/\/tropicalespresso.com\/tropicalespresso\/wp-json\/wp\/v2\/comments?post=296"}],"version-history":[{"count":23,"href":"https:\/\/tropicalespresso.com\/tropicalespresso\/wp-json\/wp\/v2\/pages\/296\/revisions"}],"predecessor-version":[{"id":4121,"href":"https:\/\/tropicalespresso.com\/tropicalespresso\/wp-json\/wp\/v2\/pages\/296\/revisions\/4121"}],"wp:attachment":[{"href":"https:\/\/tropicalespresso.com\/tropicalespresso\/wp-json\/wp\/v2\/media?parent=296"}],"curies":[{"name":"wp","href":"https:\/\/api.w.org\/{rel}","templated":true}]}}