{"id":3298,"date":"2020-11-12T21:25:38","date_gmt":"2020-11-12T21:25:38","guid":{"rendered":"https:\/\/tropicalespresso.com\/tropicalespresso\/product\/chocolate-quente-classic\/"},"modified":"2025-10-28T16:39:03","modified_gmt":"2025-10-28T16:39:03","slug":"chocolate-quente-classic","status":"publish","type":"product","link":"https:\/\/tropicalespresso.com\/tropicalespresso\/product\/chocolate-quente-classic\/","title":{"rendered":"Chocolate Quente Classic"},"content":{"rendered":"<div class=\"page\" title=\"Page 9\">\n<div class=\"layoutArea\">\n<div class=\"column\">\n<p>A Tropical Cafe\u0301s tambe\u0301m representa chocolate quente da famosa INIVERCIOK\u00ae li\u0301der mundial italiana, capazes de derreter o cliente mais &#8220;inconsula\u0301vel&#8221;.<\/p>\n<p>Embalagem: 30 saquetas<br \/>\n% Cacau:<\/p>\n<\/div>\n<p>Modo de prepara\u00e7\u00e3o: D<span style=\"color: #808080;\"><span style=\"font-family: Calibri, sans-serif;\"><span style=\"font-size: medium;\">erreta o conte\u00fado da saqueta (30grs.) em 125ml de leite, Aque\u00e7a at\u00e9 ganhar espessura. Para ter uma bebida mais l\u00edquida, despeje o conte\u00fado do saqueta em 170ml de leite. <\/span><\/span><\/span><\/p>\n<pre id=\"tw-target-text\" class=\"tw-data-text tw-text-large tw-ta\" dir=\"ltr\" data-placeholder=\"Tradu\u00e7\u00e3o\"><\/pre>\n<\/div>\n<\/div>\n","protected":false},"excerpt":{"rendered":"<p>A Tropical Cafe\u0301s tambe\u0301m representa chocolate quente da famosa INIVERCIOK\u00ae li\u0301der mundial italiana, capazes de derreter o cliente mais &#8220;inconsula\u0301vel&#8221;. Embalagem: 30 saquetas % Cacau: Modo de prepara\u00e7\u00e3o: Derreta o conte\u00fado da saqueta (30grs.) em 125ml de leite, Aque\u00e7a at\u00e9 [&hellip;]<\/p>\n","protected":false},"featured_media":4262,"comment_status":"open","ping_status":"closed","template":"","meta":[],"product_brand":[],"product_cat":[245],"product_tag":[213,214],"class_list":{"0":"post-3298","1":"product","2":"type-product","3":"status-publish","4":"has-post-thumbnail","6":"product_cat-chocolate-quente","7":"product_tag-chocoate-quente","8":"product_tag-chocolate","10":"first","11":"outofstock","12":"taxable","13":"shipping-taxable","14":"purchasable","15":"product-type-simple"},"jetpack_sharing_enabled":true,"_links":{"self":[{"href":"https:\/\/tropicalespresso.com\/tropicalespresso\/wp-json\/wp\/v2\/product\/3298","targetHints":{"allow":["GET"]}}],"collection":[{"href":"https:\/\/tropicalespresso.com\/tropicalespresso\/wp-json\/wp\/v2\/product"}],"about":[{"href":"https:\/\/tropicalespresso.com\/tropicalespresso\/wp-json\/wp\/v2\/types\/product"}],"replies":[{"embeddable":true,"href":"https:\/\/tropicalespresso.com\/tropicalespresso\/wp-json\/wp\/v2\/comments?post=3298"}],"wp:featuredmedia":[{"embeddable":true,"href":"https:\/\/tropicalespresso.com\/tropicalespresso\/wp-json\/wp\/v2\/media\/4262"}],"wp:attachment":[{"href":"https:\/\/tropicalespresso.com\/tropicalespresso\/wp-json\/wp\/v2\/media?parent=3298"}],"wp:term":[{"taxonomy":"product_brand","embeddable":true,"href":"https:\/\/tropicalespresso.com\/tropicalespresso\/wp-json\/wp\/v2\/product_brand?post=3298"},{"taxonomy":"product_cat","embeddable":true,"href":"https:\/\/tropicalespresso.com\/tropicalespresso\/wp-json\/wp\/v2\/product_cat?post=3298"},{"taxonomy":"product_tag","embeddable":true,"href":"https:\/\/tropicalespresso.com\/tropicalespresso\/wp-json\/wp\/v2\/product_tag?post=3298"}],"curies":[{"name":"wp","href":"https:\/\/api.w.org\/{rel}","templated":true}]}}