{"id":3314,"date":"2020-11-12T21:26:01","date_gmt":"2020-11-12T21:26:01","guid":{"rendered":"https:\/\/tropicalespresso.com\/tropicalespresso\/product\/lote-barista-em-grao\/"},"modified":"2025-10-28T14:44:23","modified_gmt":"2025-10-28T14:44:23","slug":"lote-barista-em-grao","status":"publish","type":"product","link":"https:\/\/tropicalespresso.com\/tropicalespresso\/product\/lote-barista-em-grao\/","title":{"rendered":"Lote Barista em gr\u00e3o"},"content":{"rendered":"<div class=\"page\" title=\"Page 8\">\n<div class=\"layoutArea\">\n<div class=\"column\">\n<div class=\"page\" title=\"Page 6\">\n<div class=\"layoutArea\">\n<div class=\"column\">\n<p>Um lote especialmente selecionado, com uma combinac\u0327a\u0303o de Ar\u00e1bicas e Robustas que tornam a bebida encorpada, com aroma e sabor intensos e persistentes.<\/p>\n<p>Origem: A\u0301frica, A\u0301sia e Ame\u0301rica do Sul<\/p>\n<p>Informa\u00e7\u00f5es:<\/p>\n<p>&#8211; Gr\u00e3os Ar\u00e1bica e Robusta<br \/>\n&#8211; Embalagem de 250 g<\/p>\n<\/div>\n<p><a href=\"http:\/\/tropicalespresso.com\/ficha_tecnica\/SA-IT19-E01.R01-F.T. CAFE BAR.pdf\" target=\"_blank\" rel=\"noopener noreferrer\"><em><strong>Consultar Ficha T\u00e9cnica<\/strong><\/em><\/a><\/p>\n<\/div>\n<\/div>\n<\/div>\n<\/div>\n<\/div>\n","protected":false},"excerpt":{"rendered":"<p>Um lote especialmente selecionado, com uma combinac\u0327a\u0303o de Ar\u00e1bicas e Robustas que tornam a bebida encorpada, com aroma e sabor intensos e persistentes. Origem: A\u0301frica, A\u0301sia e Ame\u0301rica do Sul Informa\u00e7\u00f5es: &#8211; Gr\u00e3os Ar\u00e1bica e Robusta &#8211; Embalagem de 250 [&hellip;]<\/p>\n","protected":false},"featured_media":3366,"comment_status":"open","ping_status":"closed","template":"","meta":[],"product_brand":[],"product_cat":[254,247],"product_tag":[202,226,205,227,228,229],"class_list":{"0":"post-3314","1":"product","2":"type-product","3":"status-publish","4":"has-post-thumbnail","6":"product_cat-cafes","7":"product_cat-lote-barista","8":"product_tag-cafe","9":"product_tag-cafe-moido","10":"product_tag-capsulas","11":"product_tag-chavena","12":"product_tag-colecao","13":"product_tag-grao","15":"first","16":"instock","17":"taxable","18":"shipping-taxable","19":"purchasable","20":"product-type-simple"},"jetpack_sharing_enabled":true,"_links":{"self":[{"href":"https:\/\/tropicalespresso.com\/tropicalespresso\/wp-json\/wp\/v2\/product\/3314","targetHints":{"allow":["GET"]}}],"collection":[{"href":"https:\/\/tropicalespresso.com\/tropicalespresso\/wp-json\/wp\/v2\/product"}],"about":[{"href":"https:\/\/tropicalespresso.com\/tropicalespresso\/wp-json\/wp\/v2\/types\/product"}],"replies":[{"embeddable":true,"href":"https:\/\/tropicalespresso.com\/tropicalespresso\/wp-json\/wp\/v2\/comments?post=3314"}],"wp:featuredmedia":[{"embeddable":true,"href":"https:\/\/tropicalespresso.com\/tropicalespresso\/wp-json\/wp\/v2\/media\/3366"}],"wp:attachment":[{"href":"https:\/\/tropicalespresso.com\/tropicalespresso\/wp-json\/wp\/v2\/media?parent=3314"}],"wp:term":[{"taxonomy":"product_brand","embeddable":true,"href":"https:\/\/tropicalespresso.com\/tropicalespresso\/wp-json\/wp\/v2\/product_brand?post=3314"},{"taxonomy":"product_cat","embeddable":true,"href":"https:\/\/tropicalespresso.com\/tropicalespresso\/wp-json\/wp\/v2\/product_cat?post=3314"},{"taxonomy":"product_tag","embeddable":true,"href":"https:\/\/tropicalespresso.com\/tropicalespresso\/wp-json\/wp\/v2\/product_tag?post=3314"}],"curies":[{"name":"wp","href":"https:\/\/api.w.org\/{rel}","templated":true}]}}