{"id":3327,"date":"2020-11-12T21:26:11","date_gmt":"2020-11-12T21:26:11","guid":{"rendered":"https:\/\/tropicalespresso.com\/tropicalespresso\/product\/lote-barista-moagem-grossa\/"},"modified":"2024-10-03T16:04:57","modified_gmt":"2024-10-03T16:04:57","slug":"lote-barista-moagem-grossa","status":"publish","type":"product","link":"https:\/\/tropicalespresso.com\/tropicalespresso\/product\/lote-barista-moagem-grossa\/","title":{"rendered":"Lote Barista moagem grossa"},"content":{"rendered":"<div class=\"page\" title=\"Page 8\">\n<div class=\"layoutArea\">\n<div class=\"column\">\n<div class=\"page\" title=\"Page 6\">\n<div class=\"layoutArea\">\n<div class=\"column\">Um lote especialmente selecionado, com uma combinac\u0327a\u0303o de Ar\u00e1bicas e Robustas que tornam a bebida encorpada, com aroma e sabor intensos e persistentes.Origem: A\u0301frica, A\u0301sia e Ame\u0301rica do Sul<\/p>\n<p>Informa\u00e7\u00f5es:<\/p>\n<p>&#8211; Gr\u00e3os Ar\u00e1bica e Robusta<br \/>\n&#8211; Embalagem de 250g<\/p>\n<\/div>\n<p><em><strong><a href=\"http:\/\/tropicalespresso.com\/ficha_tecnica\/SA-IT19-E01.R01-F.T. CAFE BAR.pdf\" target=\"_blank\" rel=\"noopener noreferrer\">Consultar Ficha T\u00e9cnica<\/a>.\u00a0\u00a0<\/strong><\/em><\/p>\n<\/div>\n<\/div>\n<\/div>\n<\/div>\n<\/div>\n","protected":false},"excerpt":{"rendered":"<p>Um lote especialmente selecionado, com uma combinac\u0327a\u0303o de Ar\u00e1bicas e Robustas que tornam a bebida encorpada, com aroma e sabor intensos e persistentes.Origem: A\u0301frica, A\u0301sia e Ame\u0301rica do Sul Informa\u00e7\u00f5es: &#8211; Gr\u00e3os Ar\u00e1bica e Robusta &#8211; Embalagem de 250g Consultar [&hellip;]<\/p>\n","protected":false},"featured_media":3378,"comment_status":"open","ping_status":"closed","template":"","meta":[],"product_brand":[],"product_cat":[254,247],"product_tag":[202,226,231],"class_list":{"0":"post-3327","1":"product","2":"type-product","3":"status-publish","4":"has-post-thumbnail","6":"product_cat-cafes","7":"product_cat-lote-barista","8":"product_tag-cafe","9":"product_tag-cafe-moido","10":"product_tag-moagem-grossa","12":"first","13":"instock","14":"taxable","15":"shipping-taxable","16":"purchasable","17":"product-type-simple"},"jetpack_sharing_enabled":true,"_links":{"self":[{"href":"https:\/\/tropicalespresso.com\/tropicalespresso\/wp-json\/wp\/v2\/product\/3327","targetHints":{"allow":["GET"]}}],"collection":[{"href":"https:\/\/tropicalespresso.com\/tropicalespresso\/wp-json\/wp\/v2\/product"}],"about":[{"href":"https:\/\/tropicalespresso.com\/tropicalespresso\/wp-json\/wp\/v2\/types\/product"}],"replies":[{"embeddable":true,"href":"https:\/\/tropicalespresso.com\/tropicalespresso\/wp-json\/wp\/v2\/comments?post=3327"}],"wp:featuredmedia":[{"embeddable":true,"href":"https:\/\/tropicalespresso.com\/tropicalespresso\/wp-json\/wp\/v2\/media\/3378"}],"wp:attachment":[{"href":"https:\/\/tropicalespresso.com\/tropicalespresso\/wp-json\/wp\/v2\/media?parent=3327"}],"wp:term":[{"taxonomy":"product_brand","embeddable":true,"href":"https:\/\/tropicalespresso.com\/tropicalespresso\/wp-json\/wp\/v2\/product_brand?post=3327"},{"taxonomy":"product_cat","embeddable":true,"href":"https:\/\/tropicalespresso.com\/tropicalespresso\/wp-json\/wp\/v2\/product_cat?post=3327"},{"taxonomy":"product_tag","embeddable":true,"href":"https:\/\/tropicalespresso.com\/tropicalespresso\/wp-json\/wp\/v2\/product_tag?post=3327"}],"curies":[{"name":"wp","href":"https:\/\/api.w.org\/{rel}","templated":true}]}}