{"id":3335,"date":"2020-11-12T21:26:23","date_gmt":"2020-11-12T21:26:23","guid":{"rendered":"https:\/\/tropicalespresso.com\/tropicalespresso\/product\/mistura-pequeno-almoco-moida\/"},"modified":"2025-02-11T19:37:14","modified_gmt":"2025-02-11T19:37:14","slug":"mistura-pequeno-almoco-moida","status":"publish","type":"product","link":"https:\/\/tropicalespresso.com\/tropicalespresso\/product\/mistura-pequeno-almoco-moida\/","title":{"rendered":"Mistura Tropical mo\u00edda 500g"},"content":{"rendered":"<p>&nbsp;<\/p>\n<p>Dispon\u00edvel embalado \u00e0s 500g<\/p>\n<p>Mistura: 60% caf\u00e9<\/p>\n<p>Bebida de caf\u00e9 e chic\u00f3ria excelente para o pequeno almo\u00e7o. \u00d3tima para beber simples ou juntar com leite.<\/p>\n<p>Dependendo da moagem pode fazer-se em cafeteira, cafeteira italiana ou filtro.<\/p>\n","protected":false},"excerpt":{"rendered":"<p>&nbsp; Dispon\u00edvel embalado \u00e0s 500g Mistura: 60% caf\u00e9 Bebida de caf\u00e9 e chic\u00f3ria excelente para o pequeno almo\u00e7o. \u00d3tima para beber simples ou juntar com leite. Dependendo da moagem pode fazer-se em cafeteira, cafeteira italiana ou filtro.<\/p>\n","protected":false},"featured_media":3752,"comment_status":"open","ping_status":"closed","template":"","meta":[],"product_brand":[],"product_cat":[251,254],"product_tag":[202,226,233],"class_list":{"0":"post-3335","1":"product","2":"type-product","3":"status-publish","4":"has-post-thumbnail","6":"product_cat-blends-cevada","7":"product_cat-cafes","8":"product_tag-cafe","9":"product_tag-cafe-moido","10":"product_tag-misturas","12":"first","13":"instock","14":"taxable","15":"shipping-taxable","16":"purchasable","17":"product-type-simple"},"jetpack_sharing_enabled":true,"_links":{"self":[{"href":"https:\/\/tropicalespresso.com\/tropicalespresso\/wp-json\/wp\/v2\/product\/3335","targetHints":{"allow":["GET"]}}],"collection":[{"href":"https:\/\/tropicalespresso.com\/tropicalespresso\/wp-json\/wp\/v2\/product"}],"about":[{"href":"https:\/\/tropicalespresso.com\/tropicalespresso\/wp-json\/wp\/v2\/types\/product"}],"replies":[{"embeddable":true,"href":"https:\/\/tropicalespresso.com\/tropicalespresso\/wp-json\/wp\/v2\/comments?post=3335"}],"wp:featuredmedia":[{"embeddable":true,"href":"https:\/\/tropicalespresso.com\/tropicalespresso\/wp-json\/wp\/v2\/media\/3752"}],"wp:attachment":[{"href":"https:\/\/tropicalespresso.com\/tropicalespresso\/wp-json\/wp\/v2\/media?parent=3335"}],"wp:term":[{"taxonomy":"product_brand","embeddable":true,"href":"https:\/\/tropicalespresso.com\/tropicalespresso\/wp-json\/wp\/v2\/product_brand?post=3335"},{"taxonomy":"product_cat","embeddable":true,"href":"https:\/\/tropicalespresso.com\/tropicalespresso\/wp-json\/wp\/v2\/product_cat?post=3335"},{"taxonomy":"product_tag","embeddable":true,"href":"https:\/\/tropicalespresso.com\/tropicalespresso\/wp-json\/wp\/v2\/product_tag?post=3335"}],"curies":[{"name":"wp","href":"https:\/\/api.w.org\/{rel}","templated":true}]}}