{"id":3715,"date":"2021-02-05T15:22:09","date_gmt":"2021-02-05T15:22:09","guid":{"rendered":"https:\/\/tropicalespresso.com\/tropicalespresso\/?post_type=product&#038;p=3715"},"modified":"2025-11-20T18:02:55","modified_gmt":"2025-11-20T18:02:55","slug":"solsticio-de-inverno","status":"publish","type":"product","link":"https:\/\/tropicalespresso.com\/tropicalespresso\/product\/solsticio-de-inverno\/","title":{"rendered":"Solst\u00edcio de Inverno"},"content":{"rendered":"<p>Mistura de infus\u00e3o de aroma de fruta. com sabor a ameixa madura com canela, finas notas picantes<\/p>\n<p>&nbsp;<\/p>\n<p>Ingredientes: Ma\u00e7\u00e3, Flores de hibisco, Cascas de laranja, Ameixa (8%), Paus de canela (8%), Casca de cin\u00f3rrodo, Aromas naturais, Flores de cent\u00e1urea, Peda\u00e7os de canela (1%), Aroma natural de cravo da \u00cdndia<\/p>\n<p>&nbsp;<\/p>\n<p>M\u00e9todo de prepara\u00e7\u00e3o: Infus\u00e3o 100\u00baC durante 6\/10 min<br \/>\nPeso: 50gr<\/p>\n<p>&nbsp;<\/p>\n<p><a href=\"http:\/\/tropicalespresso.com\/ficha_tecnica\/FT SOLSTICIO DE INVERNO pt.pdf\" target=\"_blank\" rel=\"noopener noreferrer\"><em><strong>Consultar Ficha T\u00e9cnica<\/strong><\/em><\/a><\/p>\n","protected":false},"excerpt":{"rendered":"<p>Mistura de infus\u00e3o de aroma de fruta. com sabor a ameixa madura com canela, finas notas picantes &nbsp; Ingredientes: Ma\u00e7\u00e3, Flores de hibisco, Cascas de laranja, Ameixa (8%), Paus de canela (8%), Casca de cin\u00f3rrodo, Aromas naturais, Flores de cent\u00e1urea, [&hellip;]<\/p>\n","protected":false},"featured_media":4308,"comment_status":"open","ping_status":"closed","template":"","meta":[],"product_brand":[],"product_cat":[257],"product_tag":[261,264,212,262,225,263,260],"class_list":{"0":"post-3715","1":"product","2":"type-product","3":"status-publish","4":"has-post-thumbnail","6":"product_cat-chas-e-infusoes","7":"product_tag-ameixa","8":"product_tag-canela","9":"product_tag-cha","10":"product_tag-hibisco","11":"product_tag-infusao","12":"product_tag-laranja","13":"product_tag-organico","15":"first","16":"outofstock","17":"taxable","18":"shipping-taxable","19":"purchasable","20":"product-type-simple"},"jetpack_sharing_enabled":true,"_links":{"self":[{"href":"https:\/\/tropicalespresso.com\/tropicalespresso\/wp-json\/wp\/v2\/product\/3715","targetHints":{"allow":["GET"]}}],"collection":[{"href":"https:\/\/tropicalespresso.com\/tropicalespresso\/wp-json\/wp\/v2\/product"}],"about":[{"href":"https:\/\/tropicalespresso.com\/tropicalespresso\/wp-json\/wp\/v2\/types\/product"}],"replies":[{"embeddable":true,"href":"https:\/\/tropicalespresso.com\/tropicalespresso\/wp-json\/wp\/v2\/comments?post=3715"}],"wp:featuredmedia":[{"embeddable":true,"href":"https:\/\/tropicalespresso.com\/tropicalespresso\/wp-json\/wp\/v2\/media\/4308"}],"wp:attachment":[{"href":"https:\/\/tropicalespresso.com\/tropicalespresso\/wp-json\/wp\/v2\/media?parent=3715"}],"wp:term":[{"taxonomy":"product_brand","embeddable":true,"href":"https:\/\/tropicalespresso.com\/tropicalespresso\/wp-json\/wp\/v2\/product_brand?post=3715"},{"taxonomy":"product_cat","embeddable":true,"href":"https:\/\/tropicalespresso.com\/tropicalespresso\/wp-json\/wp\/v2\/product_cat?post=3715"},{"taxonomy":"product_tag","embeddable":true,"href":"https:\/\/tropicalespresso.com\/tropicalespresso\/wp-json\/wp\/v2\/product_tag?post=3715"}],"curies":[{"name":"wp","href":"https:\/\/api.w.org\/{rel}","templated":true}]}}