{"id":3729,"date":"2021-02-05T17:50:36","date_gmt":"2021-02-05T17:50:36","guid":{"rendered":"https:\/\/tropicalespresso.com\/tropicalespresso\/?post_type=product&#038;p=3729"},"modified":"2024-10-17T14:08:48","modified_gmt":"2024-10-17T14:08:48","slug":"infusao-floco-de-neve","status":"publish","type":"product","link":"https:\/\/tropicalespresso.com\/tropicalespresso\/product\/infusao-floco-de-neve\/","title":{"rendered":"Floco de Neve"},"content":{"rendered":"<p>Mistura de infus\u00e3o de aromas de fruta. Com aroma a canela e fruta, destacando-se a laranja e a cereja, como sabor mais intenso.<\/p>\n<p>&nbsp;<\/p>\n<p>Ingredientes: Ma\u00e7\u00e3, Flores de hibisco, Suspiros (10%) (a\u00e7\u00facar e <strong><u>OVO EM P\u00d3<\/u><\/strong>), Sultanas, Cascas de laranja, Casca de cin\u00f3rrodo, Bot\u00f5es de rosa, Gomos de laranja (6%), Cardamomo, Cravo da \u00cdndia, Aromas, Aroma natural de laranja<\/p>\n<p>&nbsp;<\/p>\n<p>M\u00e9todo de prepara\u00e7\u00e3o: Infus\u00e3o 100 \u00baC durante 6\/10 min<br \/>\nPeso: 100gr<\/p>\n<p><a href=\"http:\/\/tropicalespresso.com\/ficha_tecnica\/FT FLOCO DE NEVE pt.pdf\" target=\"_blank\" rel=\"noopener noreferrer\"><em><strong>Consultar Ficha T\u00e9cnica<\/strong><\/em><\/a><\/p>\n","protected":false},"excerpt":{"rendered":"<p>Mistura de infus\u00e3o de aromas de fruta. Com aroma a canela e fruta, destacando-se a laranja e a cereja, como sabor mais intenso. &nbsp; Ingredientes: Ma\u00e7\u00e3, Flores de hibisco, Suspiros (10%) (a\u00e7\u00facar e OVO EM P\u00d3), Sultanas, Cascas de laranja, [&hellip;]<\/p>\n","protected":false},"featured_media":4299,"comment_status":"open","ping_status":"closed","template":"","meta":[],"product_brand":[],"product_cat":[257],"product_tag":[212,262,225,263,265,281,289],"class_list":{"0":"post-3729","1":"product","2":"type-product","3":"status-publish","4":"has-post-thumbnail","6":"product_cat-chas-e-infusoes","7":"product_tag-cha","8":"product_tag-hibisco","9":"product_tag-infusao","10":"product_tag-laranja","11":"product_tag-maca","12":"product_tag-merengue","13":"product_tag-suspiro","15":"first","16":"instock","17":"taxable","18":"shipping-taxable","19":"purchasable","20":"product-type-simple"},"jetpack_sharing_enabled":true,"_links":{"self":[{"href":"https:\/\/tropicalespresso.com\/tropicalespresso\/wp-json\/wp\/v2\/product\/3729","targetHints":{"allow":["GET"]}}],"collection":[{"href":"https:\/\/tropicalespresso.com\/tropicalespresso\/wp-json\/wp\/v2\/product"}],"about":[{"href":"https:\/\/tropicalespresso.com\/tropicalespresso\/wp-json\/wp\/v2\/types\/product"}],"replies":[{"embeddable":true,"href":"https:\/\/tropicalespresso.com\/tropicalespresso\/wp-json\/wp\/v2\/comments?post=3729"}],"wp:featuredmedia":[{"embeddable":true,"href":"https:\/\/tropicalespresso.com\/tropicalespresso\/wp-json\/wp\/v2\/media\/4299"}],"wp:attachment":[{"href":"https:\/\/tropicalespresso.com\/tropicalespresso\/wp-json\/wp\/v2\/media?parent=3729"}],"wp:term":[{"taxonomy":"product_brand","embeddable":true,"href":"https:\/\/tropicalespresso.com\/tropicalespresso\/wp-json\/wp\/v2\/product_brand?post=3729"},{"taxonomy":"product_cat","embeddable":true,"href":"https:\/\/tropicalespresso.com\/tropicalespresso\/wp-json\/wp\/v2\/product_cat?post=3729"},{"taxonomy":"product_tag","embeddable":true,"href":"https:\/\/tropicalespresso.com\/tropicalespresso\/wp-json\/wp\/v2\/product_tag?post=3729"}],"curies":[{"name":"wp","href":"https:\/\/api.w.org\/{rel}","templated":true}]}}