{"id":4065,"date":"2021-02-22T17:09:13","date_gmt":"2021-02-22T17:09:13","guid":{"rendered":"https:\/\/tropicalespresso.com\/tropicalespresso\/?post_type=product&#038;p=4065"},"modified":"2024-10-21T09:30:36","modified_gmt":"2024-10-21T09:30:36","slug":"colecao-origens-chavenas-de-cafe-expresso","status":"publish","type":"product","link":"https:\/\/tropicalespresso.com\/tropicalespresso\/product\/colecao-origens-chavenas-de-cafe-expresso\/","title":{"rendered":"Cole\u00e7\u00e3o Origens &#8220;Ch\u00e1venas de caf\u00e9 expresso&#8221;"},"content":{"rendered":"<p>As origens do caf\u00e9 estampadas nas suas ch\u00e1venas de porcelana. 4 unidades diferentes.<\/p>\n<p>Em casa, as melhores ch\u00e1venas expresso &#8230; ou ent\u00e3o uma prenda de muito bom gosto!<\/p>\n","protected":false},"excerpt":{"rendered":"<p>As origens do caf\u00e9 estampadas nas suas ch\u00e1venas de porcelana. 4 unidades diferentes. Em casa, as melhores ch\u00e1venas expresso &#8230; ou ent\u00e3o uma prenda de muito bom gosto!<\/p>\n","protected":false},"featured_media":3368,"comment_status":"open","ping_status":"closed","template":"","meta":[],"product_brand":[],"product_cat":[242,243,254],"product_tag":[202,226,205,227,233],"class_list":{"0":"post-4065","1":"product","2":"type-product","3":"status-publish","4":"has-post-thumbnail","6":"product_cat-cafe-em-capsulas","7":"product_cat-cafe-em-pastilhas","8":"product_cat-cafes","9":"product_tag-cafe","10":"product_tag-cafe-moido","11":"product_tag-capsulas","12":"product_tag-chavena","13":"product_tag-misturas","15":"first","16":"instock","17":"taxable","18":"shipping-taxable","19":"purchasable","20":"product-type-simple"},"jetpack_sharing_enabled":true,"_links":{"self":[{"href":"https:\/\/tropicalespresso.com\/tropicalespresso\/wp-json\/wp\/v2\/product\/4065","targetHints":{"allow":["GET"]}}],"collection":[{"href":"https:\/\/tropicalespresso.com\/tropicalespresso\/wp-json\/wp\/v2\/product"}],"about":[{"href":"https:\/\/tropicalespresso.com\/tropicalespresso\/wp-json\/wp\/v2\/types\/product"}],"replies":[{"embeddable":true,"href":"https:\/\/tropicalespresso.com\/tropicalespresso\/wp-json\/wp\/v2\/comments?post=4065"}],"wp:featuredmedia":[{"embeddable":true,"href":"https:\/\/tropicalespresso.com\/tropicalespresso\/wp-json\/wp\/v2\/media\/3368"}],"wp:attachment":[{"href":"https:\/\/tropicalespresso.com\/tropicalespresso\/wp-json\/wp\/v2\/media?parent=4065"}],"wp:term":[{"taxonomy":"product_brand","embeddable":true,"href":"https:\/\/tropicalespresso.com\/tropicalespresso\/wp-json\/wp\/v2\/product_brand?post=4065"},{"taxonomy":"product_cat","embeddable":true,"href":"https:\/\/tropicalespresso.com\/tropicalespresso\/wp-json\/wp\/v2\/product_cat?post=4065"},{"taxonomy":"product_tag","embeddable":true,"href":"https:\/\/tropicalespresso.com\/tropicalespresso\/wp-json\/wp\/v2\/product_tag?post=4065"}],"curies":[{"name":"wp","href":"https:\/\/api.w.org\/{rel}","templated":true}]}}