{"id":4426,"date":"2024-10-22T13:51:28","date_gmt":"2024-10-22T13:51:28","guid":{"rendered":"https:\/\/tropicalespresso.com\/tropicalespresso\/?post_type=product&#038;p=4426"},"modified":"2024-10-22T14:01:14","modified_gmt":"2024-10-22T14:01:14","slug":"cha-mate-organico-verde","status":"publish","type":"product","link":"https:\/\/tropicalespresso.com\/tropicalespresso\/product\/cha-mate-organico-verde\/","title":{"rendered":"Ch\u00e1 Mate ORG\u00c2NICO Verde"},"content":{"rendered":"","protected":false},"excerpt":{"rendered":"<p class=\"tw-data-text tw-text-large tw-ta\" dir=\"ltr\" data-placeholder=\"Tradu\u00e7\u00e3o\" data-ved=\"2ahUKEwje2uqf-6GJAxUadqQEHRLHAbQQ3ewLegQIExAT\" aria-label=\"Texto traduzido: Ch\u00e1 Mate ORG\u00c2NICO Verde Informa\u00e7\u00f5es Ch\u00e1 mate n\u00e3o torrado da Am\u00e9rica do Sul. Contendo cafe\u00edna. companheiro verde*. *De cultivo org\u00e2nico. refrescante, ligeiramente \u00e1cido\"><span class=\"Y2IQFc\" lang=\"pt\">Ch\u00e1 Mate ORG\u00c2NICO Verde<\/span><\/p>\n<p class=\"tw-data-text tw-text-large tw-ta\" dir=\"ltr\" data-placeholder=\"Tradu\u00e7\u00e3o\" data-ved=\"2ahUKEwje2uqf-6GJAxUadqQEHRLHAbQQ3ewLegQIExAT\" aria-label=\"Texto traduzido: Ch\u00e1 Mate ORG\u00c2NICO Verde Informa\u00e7\u00f5es Ch\u00e1 mate n\u00e3o torrado da Am\u00e9rica do Sul. Contendo cafe\u00edna. companheiro verde*. *De cultivo org\u00e2nico. refrescante, ligeiramente \u00e1cido\"><span class=\"Y2IQFc\" lang=\"pt\">Ch\u00e1 Mate da Am\u00e9rica do Sul. Cont\u00e9m cafe\u00edna. <\/span><\/p>\n<p class=\"tw-data-text tw-text-large tw-ta\" dir=\"ltr\" data-placeholder=\"Tradu\u00e7\u00e3o\" data-ved=\"2ahUKEwje2uqf-6GJAxUadqQEHRLHAbQQ3ewLegQIExAT\" aria-label=\"Texto traduzido: Ch\u00e1 Mate ORG\u00c2NICO Verde Informa\u00e7\u00f5es Ch\u00e1 mate n\u00e3o torrado da Am\u00e9rica do Sul. Contendo cafe\u00edna. companheiro verde*. *De cultivo org\u00e2nico. refrescante, ligeiramente \u00e1cido\"><span class=\"Y2IQFc\" lang=\"pt\">Mate verde. <\/span><\/p>\n<p class=\"tw-data-text tw-text-large tw-ta\" dir=\"ltr\" data-placeholder=\"Tradu\u00e7\u00e3o\" data-ved=\"2ahUKEwje2uqf-6GJAxUadqQEHRLHAbQQ3ewLegQIExAT\" aria-label=\"Texto traduzido: Ch\u00e1 Mate ORG\u00c2NICO Verde Informa\u00e7\u00f5es Ch\u00e1 mate n\u00e3o torrado da Am\u00e9rica do Sul. Contendo cafe\u00edna. companheiro verde*. *De cultivo org\u00e2nico. refrescante, ligeiramente \u00e1cido\"><span class=\"Y2IQFc\" lang=\"pt\">*De cultivo org\u00e2nico.<\/span><\/p>\n<p class=\"tw-data-text tw-text-large tw-ta\" dir=\"ltr\" data-placeholder=\"Tradu\u00e7\u00e3o\" data-ved=\"2ahUKEwje2uqf-6GJAxUadqQEHRLHAbQQ3ewLegQIExAT\" aria-label=\"Texto traduzido: Ch\u00e1 Mate ORG\u00c2NICO Verde Informa\u00e7\u00f5es Ch\u00e1 mate n\u00e3o torrado da Am\u00e9rica do Sul. Contendo cafe\u00edna. companheiro verde*. *De cultivo org\u00e2nico. refrescante, ligeiramente \u00e1cido\"><span class=\"Y2IQFc\" lang=\"pt\">Refrescante, ligeiramente \u00e1cido.<br \/>\n<\/span><\/p>\n<p>M\u00e9todo de prepara\u00e7\u00e3o: Infus\u00e3o 95 \u00baC durante 5- 6 min<\/p>\n<p>Peso:50gr<\/p>\n<pre id=\"tw-target-text\" class=\"tw-data-text tw-text-large tw-ta\" dir=\"ltr\" data-placeholder=\"Tradu\u00e7\u00e3o\" data-ved=\"2ahUKEwje2uqf-6GJAxUadqQEHRLHAbQQ3ewLegQIExAT\" aria-label=\"Texto traduzido: Ch\u00e1 Mate ORG\u00c2NICO Verde Informa\u00e7\u00f5es Ch\u00e1 mate n\u00e3o torrado da Am\u00e9rica do Sul. Contendo cafe\u00edna. companheiro verde*. *De cultivo org\u00e2nico. refrescante, ligeiramente \u00e1cido\"><span class=\"Y2IQFc\" lang=\"pt\">\u00a0<\/span><\/pre>\n","protected":false},"featured_media":4427,"comment_status":"open","ping_status":"closed","template":"","meta":[],"product_brand":[],"product_cat":[257],"product_tag":[],"class_list":{"0":"post-4426","1":"product","2":"type-product","3":"status-publish","4":"has-post-thumbnail","6":"product_cat-chas-e-infusoes","8":"first","9":"instock","10":"taxable","11":"shipping-taxable","12":"purchasable","13":"product-type-simple"},"jetpack_sharing_enabled":true,"_links":{"self":[{"href":"https:\/\/tropicalespresso.com\/tropicalespresso\/wp-json\/wp\/v2\/product\/4426","targetHints":{"allow":["GET"]}}],"collection":[{"href":"https:\/\/tropicalespresso.com\/tropicalespresso\/wp-json\/wp\/v2\/product"}],"about":[{"href":"https:\/\/tropicalespresso.com\/tropicalespresso\/wp-json\/wp\/v2\/types\/product"}],"replies":[{"embeddable":true,"href":"https:\/\/tropicalespresso.com\/tropicalespresso\/wp-json\/wp\/v2\/comments?post=4426"}],"wp:featuredmedia":[{"embeddable":true,"href":"https:\/\/tropicalespresso.com\/tropicalespresso\/wp-json\/wp\/v2\/media\/4427"}],"wp:attachment":[{"href":"https:\/\/tropicalespresso.com\/tropicalespresso\/wp-json\/wp\/v2\/media?parent=4426"}],"wp:term":[{"taxonomy":"product_brand","embeddable":true,"href":"https:\/\/tropicalespresso.com\/tropicalespresso\/wp-json\/wp\/v2\/product_brand?post=4426"},{"taxonomy":"product_cat","embeddable":true,"href":"https:\/\/tropicalespresso.com\/tropicalespresso\/wp-json\/wp\/v2\/product_cat?post=4426"},{"taxonomy":"product_tag","embeddable":true,"href":"https:\/\/tropicalespresso.com\/tropicalespresso\/wp-json\/wp\/v2\/product_tag?post=4426"}],"curies":[{"name":"wp","href":"https:\/\/api.w.org\/{rel}","templated":true}]}}